
True
Suppose -f + 25 = -0*r - 4*r, 5*r - 52 = -f. Suppose 39*g = f*g + 958. Is g prime?
True
Suppose -5*a + 422334 + 232572 = 4*q, -2*q + 5*a + 327468 = 0. Is q composite?
False
Is -1*(-85404 + (252/(-4))/9) a prime number?
True
Suppose 11*o = 3990 + 3776. Let u = o + -369. Is u a prime number?
True
Suppose 5*k + 20 = 5*i, 2*k = -0*k + 6. Let q be (-705540)/(-195) + (-6)/39. Suppose 785 + q = i*p. Is p composite?
True
Let n be (2 - -1 - -62)*-5. Let j = n + 762. Is j composite?
True
Suppose -f + 2*p + 7 = -14, 5*f - 2*p - 113 = 0. Let x(g) = g**3 - 23*g**2 + 4*g + 9. Let h be x(f). Suppose 106*n - 20555 = h*n. Is n a composite number?
False
Let p be -7873 - ((-54)/(-15) + (-6)/(-15)). Let g = -3700 - p. Is g prime?
True
Let y(t) = t**3 - 4*t**2 - t - 1. Let c be y(4). Let q be c + 1 + 5 + (0 - 7). Is (q/(-2) - -7)/((-6)/(-93)) a composite number?
True
Let u(o) = -13*o + 8053. Let r be 0/(24/(-3) - -7). Is u(r) a composite number?
False
Suppose 3*t - 57847 = 16*f - 20*f, -t - f = -19281. Is t a composite number?
True
Let b(x) = x**3 - 8*x**2 + 10*x + 14. Let v be b(6). Suppose 358 = 10*j - 6*j + v*o, 5*j - o = 458. Is j composite?
True
Suppose -5*v - 7586 = 3*z, 2*v = -3*z + v - 7606. Let b = -1582 - z. Is b a prime number?
False
Let l = -12550 + 17598. Is l - (-1 + (-24)/(1 + -7)) a prime number?
False
Is (1307690 + 1/((-5)/25))*6/18 composite?
True
Let k = 84935 - 56896. Is k a prime number?
False
Suppose 4*l + 0*k - k + 261 = 0, -5*l - 2*k = 336. Let x = 69 + l. Suppose x*m = 5*y + 1943, -5*y + y = -5*m + 3221. Is m a prime number?
True
Suppose 27*l = 143*l. Let p be (1 - (1 + -1)) + -9. Is (-57)/(-4) - ((-2)/p - l) a composite number?
True
Suppose -2*z + 5 = l - 7, 4*z = 2*l + 16. Suppose 2*r + 10*k = 5*k + 20, -4 = -z*r - k. Suppose -8*j + r*j = -9608. Is j a composite number?
False
Is (102 + -99)*(-464126)/(-6) composite?
True
Let o = 43 - 38. Suppose -b = 5*i - 8813, -3*i + o*b = -5*i + 3516. Is i a prime number?
False
Let t(c) = 7313*c + 240. Suppose -5*u + 10 = -5*i, 4*i - u - 2*u + 3 = 0. Is t(i) prime?
False
Let g(a) = -29*a**2 + 64*a - 92. Let f(o) = 13*o**2 - 32*o + 46. Let s(h) = -9*f(h) - 4*g(h). Is s(20) a prime number?
False
Suppose 14*n - 25 - 45 = 0. Suppose 4*r - n*r = -1471. Is r a composite number?
False
Let m = -41063 + 81429. Is m composite?
True
Let n(s) = s**2 + 98*s - 1145. Let q be n(-108). Let r(x) = x**3 - 3*x**2 + x - 1. Let g be r(3). Is ((-1)/g)/((q/(-3030))/(-13)) a prime number?
False
Let i = 367987 - 175866. Is i composite?
False
Let s be ((-2)/(1 - 7))/(18/54). Let h be (0 + s)*(-2)/(-4)*12. Suppose 0 = -h*u + 3*u + 153. Is u a composite number?
True
Let l be (1 - 1) + (-20)/((-30)/6). Let t(y) = -1 + 309*y + 11 + l. Is t(3) a prime number?
True
Let q be (5/(-1))/(-1) + (2365 - -41). Let l = q + 1766. Is l a prime number?
True
Suppose 62*c - 26*c - 1728 = 0. Is 10/(-3)*(-18504)/c a prime number?
False
Let u = 3871 - -30224. Suppose -5*a - u = -5*i, 8*a - 3*a - 34075 = -5*i. Is i composite?
True
Let c = 17031 - 8382. Suppose -13*t + 5482 = -c. Is t a composite number?
False
Is -1325721*((-1)/(-6))/((-68)/136) prime?
True
Let d(u) = 0*u**3 - u**3 + 28*u**2 + 32 + 3 - 51*u. Is d(25) prime?
False
Let l(a) = -a + 21. Let h be l(14). Suppose -8*p = -h*p - 1259. Is p a prime number?
True
Suppose 0 = -5*r - 230 + 50. Let t = 38 + r. Suppose 7691 = 3*w - 4*z, -t*z + 12 = z. Is w composite?
True
Is 8907*(-184)/(-24) - 0 prime?
False
Is (-68845172)/(-220) + (-24)/15 + 3 prime?
False
Is (-6)/(24/(-84236))*7 + 6 prime?
True
Let r(t) = -t**2 + 34*t - 22. Let h be r(33). Suppose 0 = -h*x - 4741 + 97856. Is x a prime number?
False
Suppose 77*j - 28 = 84*j. Is (-438819)/(-27) + j/(-9) a prime number?
True
Is (2 - 1220)*-342 - (0 + 13) a prime number?
True
Suppose -5*s = -4*y - y + 32545, -y + 2*s + 6512 = 0. Suppose 2*l = -5*f + 16313, 11*f = 9*f + 4*l + y. Is f composite?
True
Let t = -21959 + 61561. Suppose -4*a = -t + 5606. Is a a composite number?
True
Suppose -15*g + 927 = -23463. Suppose d + 2690 = 5*l + 6*d, d = 3*l - g. Is l composite?
False
Let z(h) = -h**3 - 30*h**2 - 103*h + 26. Let w be z(-26). Suppose 18*q - 41020 - 245414 = w. Is q a prime number?
True
Is (-31)/217 - 1293060/(-42) composite?
True
Let v = -704068 + 1109487. Is v composite?
True
Let m be ((-2)/(-6))/(2/16584). Suppose -m = 13*k - 46821. Is k a composite number?
False
Suppose 4*o + 2*o = -30. Let z(i) be the second derivative of -73*i**3/6 + 8*i**2 - 20*i. Is z(o) a composite number?
True
Let b(j) = 4*j - 14. Let m be b(5). Suppose -5177 - 3205 = -m*f. Is f a prime number?
False
Suppose 23*d + 15989533 = 51*d + 21*d. Is d composite?
True
Suppose -5*m - 5*y = -10004845, -2*y = 5*m + 658789 - 10663619. Suppose -31*u + m = -121265. Is u a prime number?
False
Is 9/21 + (-3 - ((-5850510)/35)/6) prime?
False
Let s = -30 + 38. Let d be 1 + -1 + 0/s. Suppose 4*p - 14644 = -d*p. Is p composite?
True
Let x(k) = 2109*k**2 - 11*k + 3. Let y(j) = 1407*j**2 - 7*j + 2. Let c(s) = -5*x(s) + 8*y(s). Is c(2) a prime number?
True
Let n(z) = 2441*z**2 - 3*z - 101. Is n(14) a composite number?
True
Let j = 1495957 + -706904. Is j prime?
False
Suppose 9*v = 441708 - 90285. Suppose -v = -7*m + 15210. Is m composite?
True
Let f be (-706)/(-1)*(20/4 - 0). Suppose -3*u - 2*a + 1910 = 0, 2*a - 368 = 5*u - f. Suppose -2*v + u = -0*v. Is v composite?
False
Let i = 490794 + -258553. Is i a prime number?
False
Suppose 6*p - 7977 - 4299 = 0. Suppose p - 11799 = -3*h. Is h prime?
True
Let p(g) = 110*g - 3663. Is p(61) prime?
False
Suppose 94*a - 266668 = 3575206. Is a prime?
False
Let z(m) = -m**2 + 29*m - 31. Let k be z(18). Suppose -4*b = 3*s - 124, -5*b = -s + 5*s - 166. Let a = k + s. Is a composite?
False
Let y = 427 + -334. Suppose -y*b - 1006815 = -108*b. Is b a composite number?
False
Let s = -123 + 126. Let g be -1441 - ((-9)/s + -1). Is g*4/6*14/(-4) a prime number?
False
Let v(g) be the first derivative of 2*g**3/3 + 6*g**2 + 137*g + 66. Is v(19) a prime number?
True
Suppose 0 = -41*i + 53*i - 1422852. Is i a prime number?
True
Suppose -91*z + 603896 = 2*d - 92*z, 0 = 4*d - 5*z - 1207774. Is d prime?
False
Suppose -258393 = -3*j - 2*i + 79610, -3*i = 5*j - 563339. Is j composite?
True
Let p(b) = 634*b**2 - 3*b - 30. Let l be p(-6). Suppose -l = -2*y - 5*h, 10*y - h - 34201 = 7*y. Is y composite?
True
Let o(j) = -3*j - 23. Let x be o(-9). Let k(v) = -820*v**2 - 17*v + 5. Let c be k(x). Let l = -6812 - c. Is l a composite number?
True
Let r be 3/12 - (-2)/(-8). Suppose -k - 3*f + 1726 = r, -744 = 4*k + f - 7593. Is k composite?
True
Let i(f) = -1576*f - 33. Suppose 3*b = 5*z - 0*b + 20, 20 = 4*b. Is i(z) prime?
True
Let n be -3 + -1 + (-7 - 175). Let s = n + 705. Is s composite?
True
Suppose 0 = 2*t - 10*t + 104. Suppose 0 = -t*v + 2*v + 110. Is -4 + 45/v - (-6770)/4 a composite number?
False
Let l be (-696)/(-192) - 3/(-8). Let a be l*1/(-6)*(1 - 10). Let q(x) = 68*x + 19. Is q(a) a composite number?
True
Let f(j) be the first derivative of 74*j**3/3 - j**2 - 11*j + 25. Let b be f(4). Let t = -116 + b. Is t prime?
True
Let x(j) = -2*j**3 + 16*j**2. Let t be x(8). Suppose t = 344*i - 351*i + 21581. Is i a composite number?
False
Is 0*(-12)/192 - -39602 composite?
True
Suppose -101491 = -2*m + 3*w, 40*m = 35*m + 5*w + 253740. Is m prime?
True
Suppose 4*y - 1296195 = 3*o + 1812638, 0 = 4*y - 2*o - 3108826. Is y a prime number?
False
Suppose -19*r - 196042 + 812915 = 0. Is r prime?
True
Suppose 13*k + 3532846 = 51*k + 8*k. Is k a prime number?
True
Let a = 156936 - 53167. Is a composite?
False
Let o be ((-1)/(-2))/(8/144). Suppose -o*u = -16*u + 13594. Is u a composite number?
True
Suppose 17*h = -167 - 173. Is 7108 + 4/(h/(-15)) prime?
False
Let w(p) be the first derivative of 83*p**3/3 + 4*p**2 + p - 185. Is w(4) composite?
False
Let r = 9063 + -6337. Let f(g) = -13*g**2 - 7*g - 9. Let i be f(11). Let u = i + r. Is u a composite number?
True
Let g be 7773 + (4/(-3) - 35/(-15)). Let k = -4283 + g. Is k prime?
True
Suppose -2*y + 4 = 0, 247*y = 3*i + 242*y - 553157. Is i prime?
False
Let v(j) = -234*j + 113. Let f be 44/12 - 4 - 385/15. Is v(f) a composite number?
False
Suppose 1727*x - 1682*x - 8147745 = 0. Is x composite?
False
Let t(o) be the third derivative of 11